{"id":4225,"date":"2023-10-22T06:54:47","date_gmt":"2023-10-22T06:54:47","guid":{"rendered":"https:\/\/electio.ecom.themepreview.xyz\/home-three\/?post_type=product&#038;p=4225"},"modified":"2024-12-07T09:36:29","modified_gmt":"2024-12-07T09:36:29","slug":"hp-23-8-inch-ips","status":"publish","type":"product","link":"https:\/\/reparairecicla.es\/tienda\/producto\/hp-23-8-inch-ips\/","title":{"rendered":"HP (23.8 Inch) IPS"},"content":{"rendered":"<p><strong>Informaci\u00f3n<\/strong><\/p>\n<ul>\n<li><strong>Serie:<\/strong> Monitor<\/li>\n<li><strong>Modelo:<\/strong> HP (23.8 Inch)<\/li>\n<li><strong>Resoluci\u00f3n m\u00e1xima:<\/strong> Hasta Full HD (1920 x 1080 p\u00edxeles)<\/li>\n<li><strong>Tama\u00f1o m\u00e1ximo de pantalla:<\/strong> 23.8 pulgadas<\/li>\n<li><strong>Tasa de refresco:<\/strong> Hasta 60 Hz<\/li>\n<li><strong>Compatibilidad:<\/strong> PC, Mac y dispositivos con salida HDMI\/DisplayPort<\/li>\n<li><strong>Marca:<\/strong> HP<\/li>\n<\/ul>\n<p><strong>Dimensiones<\/strong><\/p>\n<ul>\n<li><strong>Tecnolog\u00eda del panel:<\/strong> IPS (In-Plane Switching)<\/li>\n<li><strong>Conectividad inal\u00e1mbrica:<\/strong> No<\/li>\n<li><strong>Montaje sin bordes:<\/strong> S\u00ed, dise\u00f1o de pantalla casi sin bordes<\/li>\n<li><strong>Ajuste ergon\u00f3mico:<\/strong> Inclinaci\u00f3n ajustable<\/li>\n<li><strong>Control desde dispositivos externos:<\/strong> Compatible con sistemas operativos principales<\/li>\n<li><strong>Funciones soportadas:<\/strong> Reproducci\u00f3n de video, productividad, entretenimiento, dise\u00f1o gr\u00e1fico<\/li>\n<li><strong>Peso:<\/strong> Aproximadamente 4.5 kg<\/li>\n<\/ul>\n<p><strong>Especificaciones t\u00e9cnicas<\/strong><\/p>\n<ul>\n<li><strong>Sistema de retroiluminaci\u00f3n:<\/strong> LED<\/li>\n<li><strong>Relaci\u00f3n de aspecto:<\/strong> 16:9<\/li>\n<li><strong>Tiempo de respuesta:<\/strong> 5 ms (gris a gris)<\/li>\n<li><strong>Conectividad:<\/strong> HDMI, VGA<\/li>\n<li><strong>Tipo de pantalla:<\/strong> Mate, antirreflejo<\/li>\n<li><strong>Certificaciones:<\/strong> Energy Star, TUV, Low Blue Light<\/li>\n<\/ul>\n","protected":false},"excerpt":{"rendered":"<p>This Bluetooth speaker has various features such as water resistance, long battery life, built-in microphones for hands-free calling, and more.<\/p>\n","protected":false},"featured_media":5094,"template":"","meta":[],"product_brand":[],"product_cat":[93],"product_tag":[],"class_list":{"0":"post-4225","1":"product","2":"type-product","3":"status-publish","4":"has-post-thumbnail","6":"product_cat-televisores-y-pantallas","8":"first","9":"instock","10":"taxable","11":"shipping-taxable","12":"purchasable","13":"product-type-simple"},"_links":{"self":[{"href":"https:\/\/reparairecicla.es\/tienda\/wp-json\/wp\/v2\/product\/4225","targetHints":{"allow":["GET"]}}],"collection":[{"href":"https:\/\/reparairecicla.es\/tienda\/wp-json\/wp\/v2\/product"}],"about":[{"href":"https:\/\/reparairecicla.es\/tienda\/wp-json\/wp\/v2\/types\/product"}],"wp:featuredmedia":[{"embeddable":true,"href":"https:\/\/reparairecicla.es\/tienda\/wp-json\/wp\/v2\/media\/5094"}],"wp:attachment":[{"href":"https:\/\/reparairecicla.es\/tienda\/wp-json\/wp\/v2\/media?parent=4225"}],"wp:term":[{"taxonomy":"product_brand","embeddable":true,"href":"https:\/\/reparairecicla.es\/tienda\/wp-json\/wp\/v2\/product_brand?post=4225"},{"taxonomy":"product_cat","embeddable":true,"href":"https:\/\/reparairecicla.es\/tienda\/wp-json\/wp\/v2\/product_cat?post=4225"},{"taxonomy":"product_tag","embeddable":true,"href":"https:\/\/reparairecicla.es\/tienda\/wp-json\/wp\/v2\/product_tag?post=4225"}],"curies":[{"name":"wp","href":"https:\/\/api.w.org\/{rel}","templated":true}]}}