{"id":4227,"date":"2023-10-22T07:00:00","date_gmt":"2023-10-22T07:00:00","guid":{"rendered":"https:\/\/electio.ecom.themepreview.xyz\/home-three\/?post_type=product&#038;p=4227"},"modified":"2024-12-07T09:15:22","modified_gmt":"2024-12-07T09:15:22","slug":"hp-laserjet-p1108-mono-single-function-laser-printer","status":"publish","type":"product","link":"https:\/\/reparairecicla.es\/tienda\/producto\/hp-laserjet-p1108-mono-single-function-laser-printer\/","title":{"rendered":"HP LaserJet P1108 Mono Single Function Laser Printer"},"content":{"rendered":"<p><strong>Informaci\u00f3n<\/strong><\/p>\n<ul>\n<li><strong>Serie:<\/strong> Laser<\/li>\n<li><strong>Modelo:<\/strong> LaserJet Pro P1108<\/li>\n<li><strong>Resoluci\u00f3n m\u00e1xima de impresi\u00f3n:<\/strong> Hasta 400 x 600 x 2 dpi (salida efectiva de 600 dpi, negro). Hasta 600 x 600 x 2 dpi (mejor calidad, negro).<\/li>\n<li><strong>Tama\u00f1o m\u00e1ximo de papel:<\/strong> A4, A5, A6, B5, postales, sobres (C5, DL, B5).<\/li>\n<li><strong>Velocidad de impresi\u00f3n:<\/strong> Hasta 18 PPM (negro, normal, carta). Hasta 18 PPM (negro, normal, A4). Hasta 18 PPM (negro).<\/li>\n<li><strong>Ciclo mensual de trabajo:<\/strong> Hasta 5,000 p\u00e1ginas.<\/li>\n<li><strong>Marca:<\/strong> HP<\/li>\n<\/ul>\n<p><strong>Dimensiones<\/strong><\/p>\n<ul>\n<li><strong>Encendido\/apagado autom\u00e1tico:<\/strong> No<\/li>\n<li><strong>Impresi\u00f3n inal\u00e1mbrica:<\/strong> No<\/li>\n<li><strong>Impresi\u00f3n sin bordes:<\/strong> S\u00ed<\/li>\n<li><strong>Impresi\u00f3n a doble cara:<\/strong> Manual<\/li>\n<li><strong>Impresi\u00f3n desde tel\u00e9fono\/tableta:<\/strong> No<\/li>\n<li><strong>Funciones soportadas:<\/strong> Solo impresi\u00f3n<\/li>\n<li><strong>Capacidad de la bandeja de entrada:<\/strong> 150 p\u00e1ginas<\/li>\n<\/ul>\n<p><strong>Especificaciones t\u00e9cnicas<\/strong><\/p>\n<ul>\n<li><strong>Sistema de tinta:<\/strong> Cartucho de t\u00f3ner<\/li>\n<li><strong>Tipo de impresora:<\/strong> Monofunci\u00f3n<\/li>\n<li><strong>Tecnolog\u00eda de impresi\u00f3n:<\/strong> L\u00e1ser<\/li>\n<li><strong>Sistema de tinta:<\/strong> Cartucho de t\u00f3ner<\/li>\n<\/ul>\n","protected":false},"excerpt":{"rendered":"<p>Impresora econ\u00f3mica reacondicionada:<\/p>\n<ul>\n<li>Ajuste de color<\/li>\n<li>Usb-powered<\/li>\n<li>Wifi y Bluetooth<\/li>\n<\/ul>\n","protected":false},"featured_media":5086,"template":"","meta":[],"product_brand":[],"product_cat":[88],"product_tag":[],"class_list":{"0":"post-4227","1":"product","2":"type-product","3":"status-publish","4":"has-post-thumbnail","6":"product_cat-impresoras","8":"first","9":"instock","10":"sale","11":"taxable","12":"shipping-taxable","13":"purchasable","14":"product-type-simple"},"_links":{"self":[{"href":"https:\/\/reparairecicla.es\/tienda\/wp-json\/wp\/v2\/product\/4227","targetHints":{"allow":["GET"]}}],"collection":[{"href":"https:\/\/reparairecicla.es\/tienda\/wp-json\/wp\/v2\/product"}],"about":[{"href":"https:\/\/reparairecicla.es\/tienda\/wp-json\/wp\/v2\/types\/product"}],"wp:featuredmedia":[{"embeddable":true,"href":"https:\/\/reparairecicla.es\/tienda\/wp-json\/wp\/v2\/media\/5086"}],"wp:attachment":[{"href":"https:\/\/reparairecicla.es\/tienda\/wp-json\/wp\/v2\/media?parent=4227"}],"wp:term":[{"taxonomy":"product_brand","embeddable":true,"href":"https:\/\/reparairecicla.es\/tienda\/wp-json\/wp\/v2\/product_brand?post=4227"},{"taxonomy":"product_cat","embeddable":true,"href":"https:\/\/reparairecicla.es\/tienda\/wp-json\/wp\/v2\/product_cat?post=4227"},{"taxonomy":"product_tag","embeddable":true,"href":"https:\/\/reparairecicla.es\/tienda\/wp-json\/wp\/v2\/product_tag?post=4227"}],"curies":[{"name":"wp","href":"https:\/\/api.w.org\/{rel}","templated":true}]}}